{"id":5,"date":"2019-10-14T09:15:54","date_gmt":"2019-10-14T07:15:54","guid":{"rendered":"http:\/\/brukshistoria.se\/?page_id=5"},"modified":"2020-04-21T18:55:13","modified_gmt":"2020-04-21T16:55:13","slug":"start","status":"publish","type":"page","link":"https:\/\/brukshistoria.se\/","title":{"rendered":"START"},"content":{"rendered":"\n<p>V\u00e4lkommen<\/p>\n\n\n\n<p>M\u00e4nniskor har i alla tider haft behov av verktyg och andra nyttof\u00f6rem\u00e5l samt \u00f6nskat&nbsp;f\u00f6rsk\u00f6na&nbsp;sig med smycken. I begynnelsen fick sakerna tillverkas av anv\u00e4ndaren sj\u00e4lv men det f\u00f6rsta steget till ett b\u00e4ttre liv togs n\u00e4r man kom p\u00e5 att l\u00e5ta duktiga hantverkare tillverka saker som man kunde byta till sig eller &#8221;k\u00f6pa&#8221;. D\u00e5 blev det l\u00e4ttare att skaffa nyttosaker och de hade h\u00f6gre kvalitet eftersom de var tillverkade av specialister. Med tiden slog sig specialister samman f\u00f6r att arbeta gemensamt. Arkeologer har funnit rester av flintknivfabriker som \u00e4r m\u00e5nga tusentals \u00e5r avl\u00e4gsna.<\/p>\n\n\n\n<p>N\u00e4r bitar av \u00e4dla metaller och pengar kom&nbsp;&nbsp;i bruk underl\u00e4ttades handeln och varutillverkarna blev st\u00f6rre och begreppen bruk, fabriker och industrier blev vanligare.&nbsp; Begreppen betyder i grunden samma sak men har uppfattats olika, bruk som \u00e4ldsta och minsta enheter och industri st\u00f6rsta och yngsta. M\u00e5nga bruk levde bara en kort tid medan&nbsp;andra v\u00e4xte och f\u00f6r\u00e4ndrades, vissa blev globala och ofattbart stora. <\/p>\n\n\n\n<p>I Sverige har det funnits m\u00e4ngder av hyttor, j\u00e4rnbruk, pappersbruk och glasbruk, lite f\u00e4rre&nbsp;silver- och kopparhyttor, st\u00e5lverk, mekaniska verkst\u00e4der, bilindustrier och tillverkare av elektriska maskiner&nbsp;vilka alla givit inkomster \u00e5t b\u00e5de Sverige och svenskarna. Det vore lite synd om detta f\u00f6ll i gl\u00f6mska.<\/p>\n\n\n\n<p>Det \u00e4r h\u00e4r denna site kommer in i bilden. H\u00e4r portr\u00e4tteras i frist\u00e5ende avsnitt n\u00e5gra fabriker med sin historia tillsammans med en hel del nytagna fotografier  och n\u00e5gra gamla bilder. Avsnitten kan l\u00e4sas direkt eller sparas p\u00e5 din dator eller mobiltelefon som PDF-filer.  Nedladdningen \u00e4r gratis och du till\u00e5ts att sprida kopior som du \u00f6nskar.<\/p>\n\n\n\n<p>Klicka p\u00e5 BRANSCH i menyn h\u00e4r ovan, v\u00e4lj sedan omr\u00e5de genom att klicka p\u00e5 <em>Glasbruk och hyttor, Gruvor och malmhantering, Kemisk industri, Keramikindustri, Massa- och pappersbruk, Metallbearbetning, Metallframst\u00e4llning, Orter och st\u00e4der<\/em> eller <em>Plastindustri<\/em>.<\/p>\n","protected":false},"excerpt":{"rendered":"<p>V\u00e4lkommen M\u00e4nniskor har i alla tider haft behov av verktyg och andra nyttof\u00f6rem\u00e5l samt \u00f6nskat&nbsp;f\u00f6rsk\u00f6na&nbsp;sig med smycken. I begynnelsen fick sakerna tillverkas av anv\u00e4ndaren sj\u00e4lv men det f\u00f6rsta steget till ett b\u00e4ttre liv togs n\u00e4r man kom p\u00e5 att l\u00e5ta duktiga hantverkare tillverka saker som man kunde byta till sig eller &#8221;k\u00f6pa&#8221;. D\u00e5 blev det &hellip; <\/p>\n<p class=\"link-more\"><a href=\"https:\/\/brukshistoria.se\/\" class=\"more-link\">Forts\u00e4tt l\u00e4sa<span class=\"screen-reader-text\"> \u201dSTART\u201d<\/span><\/a><\/p>\n","protected":false},"author":1,"featured_media":0,"parent":0,"menu_order":0,"comment_status":"closed","ping_status":"closed","template":"","meta":{"_monsterinsights_skip_tracking":false,"_monsterinsights_sitenote_active":false,"_monsterinsights_sitenote_note":"","_monsterinsights_sitenote_category":0,"footnotes":""},"class_list":["post-5","page","type-page","status-publish","hentry"],"_links":{"self":[{"href":"https:\/\/brukshistoria.se\/index.php?rest_route=\/wp\/v2\/pages\/5","targetHints":{"allow":["GET"]}}],"collection":[{"href":"https:\/\/brukshistoria.se\/index.php?rest_route=\/wp\/v2\/pages"}],"about":[{"href":"https:\/\/brukshistoria.se\/index.php?rest_route=\/wp\/v2\/types\/page"}],"author":[{"embeddable":true,"href":"https:\/\/brukshistoria.se\/index.php?rest_route=\/wp\/v2\/users\/1"}],"replies":[{"embeddable":true,"href":"https:\/\/brukshistoria.se\/index.php?rest_route=%2Fwp%2Fv2%2Fcomments&post=5"}],"version-history":[{"count":25,"href":"https:\/\/brukshistoria.se\/index.php?rest_route=\/wp\/v2\/pages\/5\/revisions"}],"predecessor-version":[{"id":377,"href":"https:\/\/brukshistoria.se\/index.php?rest_route=\/wp\/v2\/pages\/5\/revisions\/377"}],"wp:attachment":[{"href":"https:\/\/brukshistoria.se\/index.php?rest_route=%2Fwp%2Fv2%2Fmedia&parent=5"}],"curies":[{"name":"wp","href":"https:\/\/api.w.org\/{rel}","templated":true}]}}